{"id":43,"date":"2018-01-22T22:18:19","date_gmt":"2018-01-22T21:18:19","guid":{"rendered":"http:\/\/danceweek.waw.pl\/?page_id=43"},"modified":"2024-12-06T12:51:10","modified_gmt":"2024-12-06T11:51:10","slug":"targowek","status":"publish","type":"page","link":"https:\/\/taniec-warszawa.pl\/index.php\/targowek\/","title":{"rendered":"Targ\u00f3wek"},"content":{"rendered":"<p>DK \u015awit, ul. Wysockiego 11 w Warszawie<\/p>\n<p>Nauka ta\u0144ca odbywa si\u0119 w kameralnych grupach. Zaj\u0119cia prowadzone s\u0105 cierpliwie i z poczuciem humoru. Ka\u017cde omini\u0119te zaj\u0119cia mo\u017cna odrobi\u0107.<\/p>\n<p>Op\u0142aty za kurs s\u0105 miesi\u0119czne. Nauka ta\u0144ca odbywa si\u0119 w cyklach 3 miesi\u0119cznych, kt\u00f3re mo\u017cna kontynuowa\u0107. Umo\u017cliwia to dostosowanie czasu kursu do swoich potrzeb.<\/p>\n<p>Oferujemy mo\u017cliwo\u015b\u0107 nauki od poziomu pocz\u0105tkuj\u0105cego do poziomu turniejowego dla dzieci, m\u0142odzie\u017cy\u00a0a\u00a0tak\u017ce doros\u0142ych i senior\u00f3w.<\/p>\n<p>Parom przygotowuj\u0105cym si\u0119 do zabawy weselnej oferujemy kursy ta\u0144ca dla narzeczonych i weselnik\u00f3w oraz lekcje indywidualne na pierwszy taniec weselny, pomagamy z doborem muzyki oraz z u\u0142o\u017ceniem wyj\u0105tkowej choreografii tanecznej dopasowanej do mo\u017cliwo\u015bci i ch\u0119ci pary.<\/p>\n<p>Kursy ta\u0144ca dla narzeczonych odbywaj\u0105 si\u0119 w kameralnej, cierpliwej atmosferze, a podczas lekcji indywidualnych zapewniamy komfort nauki w systemie para instruktor.<\/p>\n<p>Nasze zaj\u0119cia ciesz\u0105 si\u0119 nieustannym powodzeniem w\u015br\u00f3d mieszka\u0144c\u00f3w Targ\u00f3wka, Pragi, \u017boliborza, Bielan, Bia\u0142o\u0142\u0119ki, Zacisza, Marek, Jab\u0142onnej, Legionowa oraz Z\u0105bek.<\/p>\n<p>Dojazd: przystanek tramwajowy Budowlani, przystanek autobusowy Bartnicza, Bazylia\u0144ska, Budowlani, SKM &#8211; Praga lub Toru\u0144ska<\/p>\n<p><img loading=\"lazy\" decoding=\"async\" class=\"alignnone  wp-image-99\" src=\"http:\/\/danceweek.waw.pl\/wp-content\/uploads\/2018\/01\/20150916_195624-300x169.jpg\" alt=\"\" width=\"438\" height=\"247\" srcset=\"https:\/\/taniec-warszawa.pl\/wp-content\/uploads\/2018\/01\/20150916_195624-300x169.jpg 300w, https:\/\/taniec-warszawa.pl\/wp-content\/uploads\/2018\/01\/20150916_195624-768x432.jpg 768w, https:\/\/taniec-warszawa.pl\/wp-content\/uploads\/2018\/01\/20150916_195624-1024x576.jpg 1024w\" sizes=\"auto, (max-width: 438px) 100vw, 438px\" \/><\/p>\n","protected":false},"excerpt":{"rendered":"<p>DK \u015awit, ul. Wysockiego 11 w Warszawie Nauka ta\u0144ca odbywa si\u0119 w kameralnych grupach. Zaj\u0119cia prowadzone s\u0105 cierpliwie i z poczuciem humoru. Ka\u017cde omini\u0119te zaj\u0119cia mo\u017cna odrobi\u0107. Op\u0142aty za kurs &hellip; <\/p>\n","protected":false},"author":1,"featured_media":0,"parent":0,"menu_order":0,"comment_status":"closed","ping_status":"closed","template":"","meta":{"footnotes":""},"class_list":["post-43","page","type-page","status-publish","hentry"],"_links":{"self":[{"href":"https:\/\/taniec-warszawa.pl\/index.php\/wp-json\/wp\/v2\/pages\/43","targetHints":{"allow":["GET"]}}],"collection":[{"href":"https:\/\/taniec-warszawa.pl\/index.php\/wp-json\/wp\/v2\/pages"}],"about":[{"href":"https:\/\/taniec-warszawa.pl\/index.php\/wp-json\/wp\/v2\/types\/page"}],"author":[{"embeddable":true,"href":"https:\/\/taniec-warszawa.pl\/index.php\/wp-json\/wp\/v2\/users\/1"}],"replies":[{"embeddable":true,"href":"https:\/\/taniec-warszawa.pl\/index.php\/wp-json\/wp\/v2\/comments?post=43"}],"version-history":[{"count":10,"href":"https:\/\/taniec-warszawa.pl\/index.php\/wp-json\/wp\/v2\/pages\/43\/revisions"}],"predecessor-version":[{"id":1490,"href":"https:\/\/taniec-warszawa.pl\/index.php\/wp-json\/wp\/v2\/pages\/43\/revisions\/1490"}],"wp:attachment":[{"href":"https:\/\/taniec-warszawa.pl\/index.php\/wp-json\/wp\/v2\/media?parent=43"}],"curies":[{"name":"wp","href":"https:\/\/api.w.org\/{rel}","templated":true}]}}