{"id":4,"date":"2018-01-22T20:55:10","date_gmt":"2018-01-22T19:55:10","guid":{"rendered":"http:\/\/danceweek.waw.pl\/?page_id=4"},"modified":"2022-10-14T16:12:13","modified_gmt":"2022-10-14T14:12:13","slug":"strona-glowna","status":"publish","type":"page","link":"https:\/\/taniec-warszawa.pl\/","title":{"rendered":"Strona g\u0142\u00f3wna"},"content":{"rendered":"<h4>Szko\u0142a Ta\u0144ca Towarzyskiego Danceweek<\/h4>\n<p>Zapomnia\u0142e\u015b krok\u00f3w, kt\u00f3rych uczy\u0142e\u015b si\u0119 wiele lat temu? Chcesz przeta\u0144czy\u0107 ca\u0142\u0105 noc zamiast siedzie\u0107 wy\u0142\u0105cznie przy stole na imprezach? A mo\u017ce, zbli\u017ca si\u0119 Tw\u00f3j \u015blub?<\/p>\n<p>W\u00a0Szkole Ta\u0144ca\u00a0Danceweek\u00a0czekaj\u0105 na Pa\u0144stwa do\u015bwiadczeni nauczyciele z\u00a0wieloletni\u0105 praktyk\u0105, dla kt\u00f3rych taniec jest sposobem na \u017cycie. Z\u00a0rado\u015bci\u0105 podziel\u0105 si\u0119 z Pa\u0144stwem swoj\u0105 wiedz\u0105 i dostosuj\u0105 \u0107wiczenia do Pa\u0144stwa potrzeb. Zapraszamy na organizowane przez nas\u00a0kursy ta\u0144ca. Prowadzimy zaj\u0119cia na terenie\u00a0Warszawy, na\u00a0Ursynowie\u00a0(Imielin) oraz na\u00a0Targ\u00f3wku\u00a0(Br\u00f3dno) od ponad 20 lat.<\/p>\n<p>Zaj\u0119cia ta\u0144ca prowadzimy\u00a0na tak samo wysokim poziomie\u00a0jak zaj\u0119cia dla par sportowych. Uczymy doros\u0142ych z wykorzystaniem wiedzy o technice tanecznej, mechanice ruchu i metodyce nauczania os\u00f3b doros\u0142ych. Korzystamy z wzorc\u00f3w stosowanych przez mistrz\u00f3w \u015bwiata w ta\u0144cu towarzyskim. Dzi\u0119ki temu, nauka ta\u0144ca u nas, to nie tylko poznawanie krok\u00f3w, figur i choreografii \u2013 to nauka ruchu do muzyki. Taki spos\u00f3b nauki gwarantuje, \u017ce zdobytej wiedzy si\u0119 nie zapomina i tak samo jak nie zapomina si\u0119 nauki jazdy na rowerze. Kszta\u0142tujemy odpowiednie nawyki i pozwalamy cia\u0142u zapami\u0119ta\u0107 ruch. To czyni nas wyj\u0105tkow\u0105 plac\u00f3wk\u0105 w Warszawie i w Polsce.<\/p>\n<h4><strong>Rodzaje ta\u0144c\u00f3w kt\u00f3rych uczymy:<\/strong><\/h4>\n<ul>\n<li>Ta\u0144ce standardowe (walc angielski, walc wiede\u0144ski, tango, quickstep, fokstrot)<\/li>\n<li>Ta\u0144ce latynoameryka\u0144skie (samba, cha-cha, rumba, jive, paso doble)<\/li>\n<li>Elementy ta\u0144c\u00f3w u\u017cytkowych (disco-samba, rock&#8217;n&#8217;roll, disco-fox, salsa)<\/li>\n<\/ul>\n<h4>Atuty Szko\u0142y Ta\u0144ca Danceweek:<\/h4>\n<ul>\n<li>Gwarancja, \u017ce kurs ta\u0144ca poprowadzi\u00a0do\u015bwiadczony instruktor\u00a0cierpliwie i z poczuciem humoru<\/li>\n<li>Najwy\u017csze kwalifikacje instruktor\u00f3w &#8211; dyplom instruktora ta\u0144ca Ministerstwa Kultury i Dziedzictwa Narodowego oraz mistrzowska S klasa taneczna. Do\u015bwiadczenie zdobywa\u0142 u uznanych \u015bwiatowych autorytet\u00f3w.<\/li>\n<li>Ma\u0142e grupy\u00a0i kameralna atmosfera<\/li>\n<li>Dogodne lokalizacje: Ursyn\u00f3w i Targ\u00f3wek (Br\u00f3dno)<\/li>\n<li>Mo\u017cliwo\u015b\u0107 odrobienia ka\u017cdych omini\u0119tych zaj\u0119\u0107<\/li>\n<li>Od pocz\u0105tku zwracamy uwag\u0119 na technik\u0119 taneczn\u0105, dzi\u0119ki czemu nie zapomina si\u0119 tak \u0142atwo krok\u00f3w i mo\u017cna wr\u00f3ci\u0107 do ta\u0144ca nawet po d\u0142ugiej przerwie.<\/li>\n<li>Wakacyjne wczasy z ta\u0144cem dla doros\u0142ych<\/li>\n<li>Kursy ta\u0144ca dla narzeczonych\u00a0na najwy\u017cszym poziomie<\/li>\n<li>Mo\u017cliwo\u015b\u0107 startu w turniejach Hobby i Sport<\/li>\n<li>Op\u0142aty miesi\u0119czne\u00a0&#8211; mo\u017cna dostosowa\u0107 d\u0142ugo\u015b\u0107 kursu do w\u0142asnych potrzeb<\/li>\n<li>Specjalizujemy si\u0119 wy\u0142\u0105cznie w ta\u0144cu towarzyskim<\/li>\n<li>Udzielamy rabat\u00f3w na karty Benefit Multisport, OK, Profit itd.<\/li>\n<li>Kursy ta\u0144ca\u00a0prowadzone s\u0105 ze szczeg\u00f3lnym naciskiem na technik\u0119 taneczn\u0105. Dzi\u0119ki temu szybko mo\u017cna opanowa\u0107 wiele figur tanecznych i wr\u00f3ci\u0107 do ta\u0144ca nawet po wielu latach.<\/li>\n<li>Posiadamy ponad 30 lat do\u015bwiadczenia w przygotowywaniu par do imprez tanecznych takich jak turnieje taneczne, wesela, bale, sylwester, studni\u00f3wka.<\/li>\n<\/ul>\n","protected":false},"excerpt":{"rendered":"<p>Szko\u0142a Ta\u0144ca Towarzyskiego Danceweek Zapomnia\u0142e\u015b krok\u00f3w, kt\u00f3rych uczy\u0142e\u015b si\u0119 wiele lat temu? Chcesz przeta\u0144czy\u0107 ca\u0142\u0105 noc zamiast siedzie\u0107 wy\u0142\u0105cznie przy stole na imprezach? A mo\u017ce, zbli\u017ca si\u0119 Tw\u00f3j \u015blub? W\u00a0Szkole &hellip; <\/p>\n","protected":false},"author":1,"featured_media":102,"parent":0,"menu_order":0,"comment_status":"closed","ping_status":"closed","template":"template-magazine.php","meta":{"footnotes":""},"class_list":["post-4","page","type-page","status-publish","has-post-thumbnail","hentry"],"_links":{"self":[{"href":"https:\/\/taniec-warszawa.pl\/index.php\/wp-json\/wp\/v2\/pages\/4","targetHints":{"allow":["GET"]}}],"collection":[{"href":"https:\/\/taniec-warszawa.pl\/index.php\/wp-json\/wp\/v2\/pages"}],"about":[{"href":"https:\/\/taniec-warszawa.pl\/index.php\/wp-json\/wp\/v2\/types\/page"}],"author":[{"embeddable":true,"href":"https:\/\/taniec-warszawa.pl\/index.php\/wp-json\/wp\/v2\/users\/1"}],"replies":[{"embeddable":true,"href":"https:\/\/taniec-warszawa.pl\/index.php\/wp-json\/wp\/v2\/comments?post=4"}],"version-history":[{"count":5,"href":"https:\/\/taniec-warszawa.pl\/index.php\/wp-json\/wp\/v2\/pages\/4\/revisions"}],"predecessor-version":[{"id":1098,"href":"https:\/\/taniec-warszawa.pl\/index.php\/wp-json\/wp\/v2\/pages\/4\/revisions\/1098"}],"wp:featuredmedia":[{"embeddable":true,"href":"https:\/\/taniec-warszawa.pl\/index.php\/wp-json\/wp\/v2\/media\/102"}],"wp:attachment":[{"href":"https:\/\/taniec-warszawa.pl\/index.php\/wp-json\/wp\/v2\/media?parent=4"}],"curies":[{"name":"wp","href":"https:\/\/api.w.org\/{rel}","templated":true}]}}